.
6
Let r(z) be the third derivative of -z**5/12 + 35*z**4/24 - 17*z**3/3 - 124*z**2 + 4. Determine r(1).
-4
Let w(a) = a**3 - 48*a**2 + 47*a - 10. Let g(t) = 6*t**2 + 75*t + 8. Let i be g(-13). Let r be w(i). Let h(k) = k**2 + 10*k + 11. Determine h(r).
11
Let p(a) = -a**2 + 8*a - 3. Let y(o) = 3*o**2 - 32*o + 50. Let q(k) = 4*p(k) + y(k). Give q(-6).
2
Suppose -b = 3*c + 18, -b + 6 = -c - 4. Let v(p) be the second derivative of -p**4/12 - 5*p**3/6 - p**2 + p - 106. Calculate v(c).
-16
Let p(d) = -d**2 + d - 2. Let h be p(0). Let s(l) = -781*l + 226 - 229 + 782*l. Calculate s(h).
-5
Let m(y) = 10*y + 34*y**2 - 14 + 33*y**2 + 34*y**2 - 130*y**2 + 28*y**2. Determine m(4).
10
Let u(x) = -6 + 33558*x + 33556*x - 67113*x. Suppose -4*h + 4 = 0, -5*l = 2*h - 8 - 14. Suppose 0 = -l*z + 20. What is u(z)?
-1
Let w(h) = -7*h - 6. Let p(o) = 3*o + 3. Let c(b) = -9*p(b) - 4*w(b). Let k = 45720 + -45715. Calculate c(k).
2
Let f(t) = 8*t**3 + 18*t**2 - 19*t + 47. Let w(g) = -3*g**3 - 9*g**2 + 8*g - 24. Let n(o) = -2*f(o) - 5*w(o). Determine n(9).
8
Let r(x) = -14*x - 19. Let c be -4 - ((-64)/80)/(16/40). Give r(c).
9
Let r(z) = -6*z - 73. Let b be (14/4)/((-59)/354). What is r(b)?
53
Let a be 129/5 + 14 - -8*1/(-10). Let k(g) = -g**2 + 43*g - 153. Calculate k(a).
3
Suppose -326 = -28*w + 178. Let s(d) = 2*d - 20. Calculate s(w).
16
Let y(x) = -8*x + 83*x**2 + 1 + 17*x - 3 - 8*x + 3. Calculate y(-1).
83
Let f(g) = 9*g**2 - 6*g + 17. Let x(q) = -10*q**2 + 6*q - 17. Let c(n) = -11*f(n) - 10*x(n). Determine c(-8).
-1
Let d(q) = -q + 1. Let s(j) = -j**2 - 12*j + 72. Let m be (16 + 8)*10/(-15). Let i be s(m). Determine d(i).
-7
Let o(a) = -5*a**2 + 17*a + 13. Let u(g) = -6*g**2 + 18*g + 14. Let l(n) = 4*o(n) - 3*u(n). Let s = 16668 + -16661. Determine l(s).
10
Let w be ((-2)/14)/((-18)/252). Let v(f) = -1 + w + 17*f - 4*f - 2. Calculate v(1).
12
Let l(k) = -k**3 + 10*k**2 - 7*k - 27. Suppose 35*q + 658 - 973 = 0. What is l(q)?
-9
Let x(v) = -4*v - 15. Let n(j) = 2*j + 8. Let r(g) = -11*n(g) - 6*x(g). Suppose 2*s + s = -69. Let d = s - -27. Calculate r(d).
10
Suppose -4*s = -7*k + 2*k + 34, -5*k + 2*s + 32 = 0. Suppose 6*d - k*d = -6*d. Let b(o) = -o - 4. Calculate b(d).
-4
Let w be -5 + (8 + -6 - -5). Suppose 0 = -2*g - g + 819. Let n(r) = 5*r**w + 3*r**3 - 4*r**3 - 279*r + 6 + g*r. Give n(4).
-2
Let s(u) = -u**3 + 4*u**2 + 53*u - 270. Let l be s(6). Let y(a) = -4*a - 63. What is y(l)?
33
Let w(z) be the first derivative of -z**5/60 - 13*z**4/12 - 8*z**3/3 - 9. Let j(h) be the third derivative of w(h). Give j(-14).
2
Let r(y) = y**3 - 2*y**2 + 3*y. Let i be (2 + 80/(-44))*11. Suppose 10*h - i = 9*h. Let k be r(h). Let q(m) = -m**3 + 7*m**2 - 6*m. Determine q(k).
0
Let j(b) be the second derivative of -b**5/20 + b**4 + 3*b**3 + 17*b**2/2 + 3085*b. Calculate j(14).
-123
Let o = -306 + 328. Let s(l) = 2*l + 24 + 0*l - 49 + o. Give s(-3).
-9
Let p = 106 + -85. Suppose -p = 6*n - 45. Let l(y) = 4*y. Let o(w) = 5*w. Let k(b) = -4*l(b) + 3*o(b). Determine k(n).
-4
Suppose 0 = -11*d + 14*d + 168. Let u = 67 + d. Suppose -6 = -14*l + u*l. Let n(h) = -h**3 - 3*h**2 + 2*h. What is n(l)?
-16
Let l(o) = o**3 - o - 3. Suppose -25 = -6*v + 35. Suppose 2*c - 6 = b - 0, 0 = 5*b + v. Calculate l(c).
3
Let g(l) = -l**2 - 8*l + 2. Let t be g(-9). Let r(q) be the third derivative of q**6/120 + q**5/10 - q**4/3 - q**3/3 - 10*q**2 - 3*q - 2. Give r(t).
5
Suppose -29*c + 24*c = 3*v - 5, -3*c + v - 11 = 0. Let a(q) = q**3 - 5*q - 3. Give a(c).
-1
Let r(c) = c**2 + 3*c - 11. Suppose -25 = 5*y - 10*y, 0 = -t + 4*y + 15. Let m be (t/(-14))/(((-9)/(-6))/3). What is r(m)?
-1
Let x(m) = -159*m - 1500. Let f(r) = -23*r - 217. Let q(z) = -27*f(z) + 4*x(z). Give q(-8).
-21
Let w(r) = -3*r + 5 - 14 - r**3 - 435*r**2 + 443*r**2. Suppose 42*g - 176 = 118. Determine w(g).
19
Let i(t) = 4*t + 166. Let p be -1*(-6)/4 + 267/(-6). Determine i(p).
-6
Let w(d) = 42*d + 113. Suppose -63*y + 72*y + 27 = 0. Let u be w(y). Let b(h) = h**3 + 13*h**2 - 6. What is b(u)?
-6
Let v(j) = -j**3 - 5*j**2 - j - 3. Suppose 2*z + 7 + 3 = -2*p, -4*z + 12 = -4*p. Let k(w) = -2*w - 8. Let h be k(z). Determine v(h).
39
Let g(c) = -2*c**2 - 86*c + 25. Let b(k) = -112*k - 827. Let f be b(-7). What is g(f)?
25
Let l(v) = 12*v + 4. Let f be l(-4). Let d = 61 + f. Let o(r) = -d*r + 4 - 26*r + 47*r. What is o(-3)?
-8
Let f = 1 - -8. Let m = f + -15. Let y(r) = r**2 + 6*r - 5. What is y(m)?
-5
Suppose -33*m + 355 - 86 = 137. Let x(j) = j**2 - 20*j + 66. Calculate x(m).
2
Suppose 12*k + 24 = 4*k. Let v(z) = -5*z**2 + 2*z - 1. Let d(h) = 10*h**2 - 4*h + 2. Let x(f) = k*d(f) - 5*v(f). What is x(2)?
-17
Let p(i) = 4018 - i**3 - 19*i**2 - 18*i - 8008 + 4004. What is p(-18)?
14
Suppose -2*r - 5*h + 13 = 0, r + 1 = 5*h - 0. Suppose 0 = 3*v - 2*m + 23, 0 = -r*v - 3*m + 7*m - 32. Let t(k) = -2*k - k**2 - 385 - 2*k + 395. What is t(v)?
-11
Let k(u) be the second derivative of -u**8/6720 + u**7/280 - u**6/80 + u**5/30 - u**4/12 - 2*u**3 - 36*u. Let g(j) be the third derivative of k(j). Give g(8).
-4
Let o(d) = -139*d**3 + 29*d**2 + 10*d - 41. Let l(i) = -23*i**3 + 3*i**2 + i - 1. Let v(s) = -6*l(s) + o(s). Give v(11).
9
Let g(x) = x**3 + 2*x + 1. Let w(i) = -6*i**3 + 23*i**2 + 14*i - 7. Let z(r) = -5*g(r) - w(r). Determine z(24).
2
Let i = 91 + -70. Let a(d) = -8 - 19*d - d + i*d. Suppose -6 = 3*y - 27. Give a(y).
-1
Let s(q) be the third derivative of q**6/36 - q**5/120 + q**4/12 + 124*q**3/3 - 193*q**2. Let i(u) be the first derivative of s(u). What is i(1)?
11
Let a(m) = -6*m**2 - 329*m - 1752. Let h be a(-6). Let t(i) = 17*i + 2. What is t(h)?
104
Let k(a) be the second derivative of 3*a**3 - 9*a**2/2 + 1221*a. Calculate k(5).
81
Let t = -6817 - -6863. Let k(s) = -s**3 + 45*s**2 + 42*s + 183. What is k(t)?
-1
Let d(r) = -5*r**3 + 8*r**2 + 7*r + 11. Let m(a) = -8*a**3 + 10*a**2 + 12*a + 13. Let l(p) = 3*d(p) - 2*m(p). Give l(2).
25
Let h(l) = l**2 - 14*l + 49. Let j be h(8). Let s be (-2 + j + 13)/((-3)/(-2)). Let t(b) = -1 + 2 - 4 - s - 2*b. Give t(-9).
7
Let d(c) = c**3 + 16*c**2 - 78*c + 29. Let r be 4/4 + (22 - 9 - 34). Calculate d(r).
-11
Let p(a) = -4*a**3 + 3*a**2 - 22*a + 49. Let v be p(2). Let n(c) = c**3 + 15*c**2 + 2*c + 18. Give n(v).
-12
Let r(b) = -33*b**3 - 15*b**2 - 11*b - 3. Let i(x) = -8*x**3 - 4*x**2 - 3*x - 1. Let a(h) = 15*i(h) - 4*r(h). Calculate a(-2).
-97
Let i(m) = m**2 + 11*m + 24. Suppose -7 = 3*u - 22, -4*u = x - 13. Give i(x).
-4
Let c = 199 + -201. Let y(j) = 2*j. Let l(z) = -z**3 - 2*z - 1. Let x(b) = -l(b) - y(b). What is x(c)?
-7
Let u(i) = 4*i**2 + 108*i + 104. Let m be u(-26). Let t(r) be the second derivative of 1/6*r**3 + m - r - 7/2*r**2. Give t(7).
0
Let q(w) be the second derivative of -1/2*w**2 + 8*w - 5/6*w**3 + 2. Calculate q(1).
-6
Let a = 1142 - 1146. Let k(x) = 12*x + 20. What is k(a)?
-28
Suppose -3*u = -0*f + 4*f + 2, -39 = -4*u + 3*f. Let x(a) = -a + u - 3 - 2 - 7. Suppose w - 5*w = -3*i - 9, -2*w - 3 = i. Calculate x(i).
-3
Let n(w) = w**3 - 7*w**2 - 9*w + 15. Suppose -3*b = -3*l, -35*b + 34*b - 3*l = -32. Give n(b).
7
Let x(b) be the second derivative of 7*b**3/6 - 26*b**2 - 28*b. Let v be x(7). Let l(i) = i**3 + 3*i**2. Determine l(v).
0
Let p(h) = -h - 3. Let u(y) = y**3 - 14*y**2 + 19*y - 260. Let i be u(14). Suppose 2 = 5*r - 43. Suppose -i*t + 9 = -r*t. Give p(t).
0
Let d(x) be the first derivative of -x**2/2 + 3*x + 2589. Let r be 3/(-3)*(-4)/2. Give d(r).
1
Let y(t) be the second derivative of 0 + 29*t - 1/6*t**3 + 1/2*t**2. Give y(1).
0
Suppose 0 = 17*r + 4*r + 76 + 29. Let b(t) = 12*t + 65. What is b(r)?
5
Let n(q) = q**3 + 7*q**2 - 5*q - 4. Let f(k) = -31*k - 159. Let l be f(-19). Let a = 422 - l. Give n(a).
-28
Suppose -3*j = -3*t + 5*t, -5*j = -3*t. Let o be (-1 - -4) + j + -7 + 6. Suppose -r - 4 = -o. Let w(y) = y**3 + y**2 + 3*y + 3. Calculate w(r).
-7
Let f(b) be the second derivative of 1/8*b**4 + 0 - 1/12*b**5 - 1/120*b**6 - 9*b - b**2 - 7/6*b**3. Let q(w) be the first derivative of f(w). What is q(-5)?
-22
Let p(l) be the first derivative of -l**2/2 + l + 1. Suppose 35*a - 2*s - 94 = 34*a, -4*a + 5*s + 361 = 0. Let b = 87 - a. Determine p(b).
-2
Let f(o) be the second derivative of -o**5/20 + 3*o**4/2 - 3*o**3 - 15*o**2/2 + 2*o + 183. Give f(17).
-32
Let x(t) = -529*t